e 4*n = 2 + j. List the prime factors of n.
19
Let t be (-2)/7 - (-1270)/(-14). Let g = -53 - t. List the prime factors of g.
2, 19
Suppose -3*y - 1820 = -h, 2*h - 2*y + 1795 = 3*h. List the prime factors of h.
5, 19
Suppose 0 = -2*v + 63 + 239. Suppose 5*x = 2*i + 200 + 447, -x - 5*i = -v. List the prime factors of x.
131
Suppose -3*g - 5 = -3*q + 4, 5 = -5*g. Let n(x) = 0*x**2 + x**3 - 2*x**q - 9*x - 2*x**2 + 2. What are the prime factors of n(6)?
2, 5
Let d be ((-170)/3)/(4/30). What are the prime factors of (d/20)/((-3)/12)?
5, 17
Suppose m = 6*m - 10. Suppose -5*b = -d - b + 151, 4*d - 576 = m*b. What are the prime factors of d?
11, 13
Suppose 3*p + 3 = 18. Suppose p*x - 103 = -2*i, -i = -6*i + 4*x + 274. What are the prime factors of i?
2, 3
Let g(k) = -45*k + 21. Let q(m) = -67*m + 31. Let r(z) = -7*g(z) + 5*q(z). List the prime factors of r(-7).
2, 37
Let n be (-4)/(-34) - 81*(-10)/51. List the prime factors of (6 - 22)/((-1)/n).
2
Suppose 0 = -11*h + 80 - 14. Let f = 46 - h. What are the prime factors of f?
2, 5
Let a(j) = -15*j - 36. List the prime factors of a(-15).
3, 7
Suppose -2 = -5*l + 13. Suppose b - 5 = -l. Suppose -4*y + b*y = -80. List the prime factors of y.
2, 5
Let n = 760 - 199. List the prime factors of n/(-17)*4/(-3).
2, 11
Suppose 10 = 5*m, 5*y + 3464 = 10*y + 2*m. Suppose -2*w + 3*q + 483 = 0, -2*w - w = 2*q - y. List the prime factors of w.
2, 3, 13
Let h = 122 - -22. Suppose -3*u = -8*u - d + 24, u + 2*d - 3 = 0. Suppose 0 = u*m - m - h. List the prime factors of m.
2, 3
List the prime factors of (-2)/((-3976)/5955 + 70/105).
5, 397
Let c(p) = 86*p + 1089. What are the prime factors of c(38)?
4357
Let y = -372 - -1078. What are the prime factors of y?
2, 353
Let j = 345 - -844. List the prime factors of j.
29, 41
Let g = 949 - -3390. List the prime factors of g.
4339
Let n(y) = y**3 + y + 1. Let d(i) = -3*i**3 - 2*i - 3. Let c(q) = -d(q) - 4*n(q). Let a be c(-1). Suppose a*m = m + 27. What are the prime factors of m?
3
Suppose -2*q - 2721 = -4*q + 3*d, 4*q = -3*d + 5433. List the prime factors of q.
3, 151
Let y = -78 - -114. Suppose 4*a = a + y. List the prime factors of a.
2, 3
Suppose -7191 = -4*b - u + 4181, -u - 4 = 0. List the prime factors of b.
2, 3, 79
Let m be 8/(-3)*1674/(-72). Let x = m - -20. What are the prime factors of x?
2, 41
Suppose 4*j - 3*h = 694, j = 3*h - 6*h + 181. List the prime factors of j.
5, 7
Suppose 0*p + 2*p - 10 = q, 5*p - 3*q = 25. Suppose 3*z - m - 63 = 0, 4*m + 95 = p*z - 17. What are the prime factors of z?
2, 5
Let o = 566 - -744. What are the prime factors of o?
2, 5, 131
Suppose 3*p = 5*l - 79, 3*p + 3*l = -8 - 55. Let k = p + 28. Suppose 2*v + 3*v = -5*x + 265, 0 = -k*x - v + 245. List the prime factors of x.
2, 3
Suppose -2*w + 3*a + 1866 = 0, -6*a + 4*a = -4. Suppose 6*o - w = 3*o. Suppose 0 = -5*x + o - 57. What are the prime factors of x?
3, 17
Suppose 11*a = 8*a + 54. List the prime factors of -77*(a/(-21))/3.
2, 11
Let r(y) be the third derivative of 5*y**4/4 + 18*y**2. What are the prime factors of r(1)?
2, 3, 5
Suppose 808 = -2*z - 5*q + 3201, -3*z - 2*q + 3595 = 0. List the prime factors of z.
11, 109
Suppose -38*c - 6*c = -69652. List the prime factors of c.
1583
Let f(l) = -37*l**3 - 4*l**2 + 6*l + 12. List the prime factors of f(-3).
3, 11, 29
Suppose -5*q + 9 = -2*q. Let d be q - (4 - 2) - 145. List the prime factors of (2/(-6))/(6/d).
2
Suppose -7*x + 2*x = -55. Suppose 3*i + 2 - x = 0. Suppose 4*v - 5*z = -0*v + 32, 0 = -i*v - 4*z - 7. What are the prime factors of v?
3
Let i be (-6990)/40*4/(-3). Let w be 1/3*(160 - 1). Suppose -5*k - w = -i. List the prime factors of k.
2, 3
Let q = 51 + -46. Let d(u) = u**3 - u**2 + 4*u - 9. What are the prime factors of d(q)?
3, 37
Suppose -3*b - 4*z = -3119 - 3879, -3*z = b - 2326. List the prime factors of b.
2, 7, 167
Suppose -5*w - 42 = -2*w. Let u be (-92)/9 - w/63. List the prime factors of (-386)/u - 6/10.
2, 19
Let b = 54 + -51. Suppose 5*q + 63 - 256 = s, -5*s = -b*q + 129. List the prime factors of q.
2, 19
Let v = -35 + 39. Suppose -3*s = -2*o + 620, 0 = 4*o + v*s - 1524 + 264. What are the prime factors of o?
313
Let n(j) = 2*j**2 + 7*j - 11. Let m(w) = 2*w**2 + 8*w - 11. Let h(z) = -2*m(z) + 3*n(z). Let i be h(-5). Let y = i + -6. What are the prime factors of y?
2
Let k(c) = -c**3 - 17*c**2 - 32*c - 30. Let s be k(-15). List the prime factors of 22 - (3 + -7 + 6 - s).
2, 5
Let f be (-2 - 4/(-4)) + 5. Suppose 12*g - 1248 = f*g. What are the prime factors of g?
2, 3, 13
Let v = -47 - -52. Suppose -10*q + 645 = -v*q. What are the prime factors of q?
3, 43
Let h(v) = -2*v**3 + v**2 + 6. Let g be h(0). Suppose -4*i - 4*a = 0, i - g = 2*i + 4*a. Suppose i*w = w + 14. What are the prime factors of w?
2, 7
Let f = -1486 - -3248. List the prime factors of f.
2, 881
Let l = 1541 + -561. What are the prime factors of l?
2, 5, 7
Suppose -z = 3*z - 8. List the prime factors of 0/z + 49 + 0.
7
Let k(x) = 7*x**2 + 467. What are the prime factors of k(0)?
467
Let d(j) = -6*j**2 + 34*j + 69. Let y(x) = 3*x**2 - 18*x - 34. Let r(m) = -3*d(m) - 5*y(m). What are the prime factors of r(-6)?
11, 13
Suppose 0 = 4*a + y, 4*a + a = y. Suppose 860 = -a*g + 4*g. What are the prime factors of g?
5, 43
List the prime factors of (-130696)/(-340)*5/2.
31
Suppose -10*a = -4*a - 4014. What are the prime factors of a?
3, 223
Let f(d) = -5*d**3 + 5*d**2 - 3*d**2 + 4*d - d**2. Let c be f(-3). Suppose 0*a + 3*a - c = 0. What are the prime factors of a?
2, 11
Let p(d) = 20*d**3 + 2*d - 1. Let q = 2 + 12. Let x = -13 + q. List the prime factors of p(x).
3, 7
What are the prime factors of (-1)/(-5 - ((-25872)/1294)/4)?
647
What are the prime factors of (90/20)/((-2)/(-188))?
3, 47
Let b be 3/((-6)/(-13))*-2. Suppose 94 = 2*g + 50. Let p = b + g. List the prime factors of p.
3
Let j be 126 - (-1)/2*-8. Suppose 0 = 5*a - 3*t - 750, 2*a + 5*t - 209 - j = 0. List the prime factors of a.
3, 17
Suppose -j + 3*s - 8*s - 13 = 0, -5*s = -5*j + 25. Suppose j*z + 4*a = 5*a + 360, 4*a = 16. What are the prime factors of z?
2, 7, 13
What are the prime factors of -1590*((-140)/147 - (-10)/35)?
2, 5, 53
Suppose 0 = -0*x + 2*x + 4*d, 10 = 5*x + 5*d. Suppose 105 = 2*c + 5*q - 130, -342 = -3*c - x*q. List the prime factors of c.
2, 5, 11
Let x be (85/(-306) + 4/(-18))*-6. Suppose x*h = -2*d + 249 + 78, 0 = -4*d + h + 661. List the prime factors of d.
3, 5, 11
Let b = 6 + -16. Let h(j) = j**2 + 10*j + 8. List the prime factors of h(b).
2
Let b(f) = -3*f**2 + 27*f - 8. Let r be b(9). Let t(j) = -6*j - 19. List the prime factors of t(r).
29
Let y = 26 - 21. Suppose -79 - 271 = -y*l. List the prime factors of l.
2, 5, 7
Let r(y) = y**2 + 2*y - 8. Let g be r(-4). Suppose 3*t = -g*t + 5*o + 27, -t + 9 = -5*o. List the prime factors of t.
3
Let x = -240 + 429. What are the prime factors of x?
3, 7
Let d(g) = g**3 - 2*g**2 + g. Let p be d(1). Let n be ((p + 0)/(-1))/1. Suppose -2*y + 88 = 4*h, 5*h - y = -n*y + 124. What are the prime factors of h?
2, 3
Let b(o) be the first derivative of 5 + 5*o + 1/3*o**3 - o**2. List the prime factors of b(6).
29
Let s(p) = 59*p**2 - 11*p + 43. List the prime factors of s(3).
541
Let v = 1347 - -391. List the prime factors of v.
2, 11, 79
Let l be 336/33 + (-2)/11. Let a = 34 - l. What are the prime factors of (a/5)/((-1)/(-10))?
2, 3
Let b be 10 + 3/(4 - 1). Let w be (-3 - -8)/(1/b). Suppose -w = 2*u - 3*u. List the prime factors of u.
5, 11
Let c(u) = u**3 + 9*u**2 + 8*u + 13. Let b be c(-8). Suppose -b*w + 14*w - 72 = 0. What are the prime factors of w?
2, 3
Let a(p) = p**2 + 3*p - 3. Let o be a(-4). Suppose 0 = u - 0*u. Suppose u = n - 7 - o. List the prime factors of n.
2
Suppose 48 = j - 4*j. Let m = j - -21. Suppose 68 = -b + m*b. List the prime factors of b.
17
Let v(i) = -34*i + 640. List the prime factors of v(0).
2, 5
Suppose 5 = -w, 25*p - 21*p - 2*w = 106. What are the prime factors of p?
2, 3
Suppose a = 4*a. Suppose -4*h + 3*u + 246 = -a*h, -5*u - 250 = -4*h. What are the prime factors of h?
2, 3, 5
Let g(v) = v**3 + 6*v**2 - 3*v + 16. What are the prime factors of g(7)?
2, 79
Let n(a) be the first derivative of 2*a**3/3 - 2*a**2 - 33*a - 30. List the prime factors of n(10).
127
Suppose k - 4*l + 2*l - 18 = 0, 0 = -k 